ctors of 23780.
2, 5, 29, 41
List the prime factors of 193.
193
List the prime factors of 84542.
2, 41, 1031
List the prime factors of 2405.
5, 13, 37
List the prime factors of 60232.
2, 7529
List the prime factors of 5617.
41, 137
What are the prime factors of 21222?
2, 3, 131
List the prime factors of 4443.
3, 1481
What are the prime factors of 2345?
5, 7, 67
What are the prime factors of 16647?
3, 31, 179
What are the prime factors of 2910?
2, 3, 5, 97
What are the prime factors of 2818?
2, 1409
What are the prime factors of 1418?
2, 709
What are the prime factors of 29762?
2, 23, 647
List the prime factors of 168682.
2, 19, 23, 193
List the prime factors of 13709.
13709
What are the prime factors of 1314?
2, 3, 73
What are the prime factors of 8632?
2, 13, 83
List the prime factors of 76331.
37, 2063
List the prime factors of 1797.
3, 599
What are the prime factors of 5712?
2, 3, 7, 17
List the prime factors of 1363.
29, 47
List the prime factors of 104575.
5, 47, 89
List the prime factors of 797.
797
What are the prime factors of 37740?
2, 3, 5, 17, 37
List the prime factors of 96688.
2, 6043
What are the prime factors of 12417?
3, 4139
List the prime factors of 14937.
3, 13, 383
What are the prime factors of 137942?
2, 7, 59, 167
List the prime factors of 2496.
2, 3, 13
What are the prime factors of 39675?
3, 5, 23
List the prime factors of 52469.
71, 739
List the prime factors of 2799.
3, 311
List the prime factors of 383.
383
List the prime factors of 3222.
2, 3, 179
What are the prime factors of 947?
947
List the prime factors of 1493.
1493
What are the prime factors of 2890?
2, 5, 17
What are the prime factors of 22?
2, 11
What are the prime factors of 890?
2, 5, 89
What are the prime factors of 592?
2, 37
What are the prime factors of 1358?
2, 7, 97
What are the prime factors of 2786?
2, 7, 199
What are the prime factors of 91064?
2, 11383
What are the prime factors of 2973?
3, 991
List the prime factors of 1105.
5, 13, 17
What are the prime factors of 1139?
17, 67
List the prime factors of 623.
7, 89
List the prime factors of 24269.
7, 3467
List the prime factors of 2536.
2, 317
List the prime factors of 6035.
5, 17, 71
List the prime factors of 11061.
3, 1229
List the prime factors of 43759.
43759
List the prime factors of 1839.
3, 613
What are the prime factors of 894?
2, 3, 149
What are the prime factors of 70813?
19, 3727
What are the prime factors of 27322?
2, 19, 719
What are the prime factors of 358?
2, 179
What are the prime factors of 14540?
2, 5, 727
List the prime factors of 12880.
2, 5, 7, 23
What are the prime factors of 146838?
2, 3, 24473
What are the prime factors of 15838?
2, 7919
What are the prime factors of 2?
2
List the prime factors of 899.
29, 31
What are the prime factors of 7527?
3, 13, 193
List the prime factors of 29156.
2, 37, 197
List the prime factors of 44.
2, 11
List the prime factors of 25281.
3, 53
List the prime factors of 2052.
2, 3, 19
What are the prime factors of 23772?
2, 3, 7, 283
List the prime factors of 1150.
2, 5, 23
List the prime factors of 1095.
3, 5, 73
List the prime factors of 71665.
5, 11, 1303
List the prime factors of 18907.
7, 37, 73
List the prime factors of 3327.
3, 1109
What are the prime factors of 503?
503
List the prime factors of 2044.
2, 7, 73
What are the prime factors of 3010?
2, 5, 7, 43
What are the prime factors of 23471?
7, 479
List the prime factors of 444.
2, 3, 37
What are the prime factors of 2005?
5, 401
What are the prime factors of 33611?
19, 29, 61
List the prime factors of 32868.
2, 3, 11, 83
List the prime factors of 1860.
2, 3, 5, 31
List the prime factors of 68762.
2, 34381
What are the prime factors of 29?
29
What are the prime factors of 68161?
68161
What are the prime factors of 9063?
3, 19, 53
What are the prime factors of 2220?
2, 3, 5, 37
What are the prime factors of 14635?
5, 2927
What are the prime factors of 17292?
2, 3, 11, 131
What are the prime factors of 37?
37
List the prime factors of 293.
293
List the prime factors of 30545.
5, 41, 149
What are the prime factors of 3958?
2, 1979
What are the prime factors of 2501?
41, 61
What are the prime factors of 12015?
3, 5, 89
List the prime factors of 24768.
2, 3, 43
What are the prime factors of 16479?
3, 1831
List the prime factors of 1124.
2, 281
What are the prime factors of 23684?
2, 31, 191
What are the prime factors of 7643?
7643
List the prime factors of 2855.
5, 571
What are the prime factors of 59971?
59971
List the prime factors of 2455.
5, 491
List the prime factors of 23027.
23027
List the prime factors of 2515.
5, 503
List the prime factors of 2168.
2, 271
What are the prime factors of 2226?
2, 3, 7, 53
What are the prime factors of 68942?
2, 34471
List the prime factors of 10475.
5, 419
List the prime factors of 10578.
2, 3, 41, 43
What are the prime factors of 1003?
17, 59
List the prime factors of 24810.
2, 3, 5, 827
What are the prime factors of 1798?
2, 29, 31
What are the prime factors of 22243?
13, 29, 59
What are the prime factors of 1250?
2, 5
List the prime factors of 84253.
13, 6481
What are the prime factors of 508?
2, 127
List the prime factors of 25948.
2, 13, 499
List the prime factors of 115599.
3, 11, 31, 113
List the prime factors of 6889.
83
What are the prime factors of 30921?
3, 11, 937
List the prime factors of 67677.
3, 17, 1327
List the prime factors of 73128.
2, 3, 11, 277
What are the prime factors of 11667?
3, 3889
List the prime factors of 39914.
2, 7, 2851
List the prime factors of 12162.
2, 3, 2027
What are the prime factors of 21493?
21493
List the prime factors of 139315.
5, 11, 17, 149
What are the prime factors of 1201?
1201
List the prime factors of 177330.
2, 3, 5, 23, 257
What are the prime factors of 1225?
5, 7
List the prime factors of 1020.
2, 3, 5, 17
List the prime factors of 80737.
80737
What are the prime factors of 8649?
3, 31
List the prime factors of 1094.
2, 547
What are the prime factors of 125887?
125887
What are the prime factors of 531?
3, 59
List the prime factors of 1878.
2, 3, 313
What are the prime factors of 47214?
2, 3, 43, 61
What are the prime factors of 5486?
2, 13, 211
What are the prime factors of 2516?
2, 17, 37
List the prime factors of 2398.
2, 11, 109
List the prime factors of 7184.
2, 449
What are the prime factors of 1696?
2, 53
List the prime factors of 251.
251
List the prime factors of 80482.
2, 40241
What are the prime factors of 3376?
2, 211
List the prime factors of 1299.
3, 433
What are the prime factors of 1522?
2, 761
What are the prime factors of 13956?
2, 3, 1163
What are the prime factors of 50018?
2, 89, 281
What are the prime factors of 23579?
17, 19, 73
List the prime factors of 3525.
3, 5, 47
What are the prime factors of 8598?
2, 3, 1433
List the prime factors of 3857.
7, 19, 29
List the prime factors of 4868.
2, 1217
List the prime factors of 4709.
17, 277
List the prime factors of 70313.
70313
List the prime factors of 115.
5, 23
List the prime factors of 109198.
2, 71, 769
List the prime factors of 16435.
5, 19, 173
What are the prime factors of 28473?
3, 9491
List the prime factors of 1896.
2, 3, 79
List the prime factors of 4167.
3, 463
List the prime factors of 1073.
29, 37
List the prime factors of 66685.
5, 13337
List the prime factors of 4900.
2, 5, 7
What are the prime factors of 39118?
2, 19559
What are the prime factors of 127567?
11, 11597
What are the prime factors of 96386?
2, 48193
What are the prime factors of 3048?
2, 3, 127
List the prime factors of 19750.
2, 5, 79
List the prime factors of 333.
3, 37
List the prime factors of 10870.
2, 5, 1087
List the prime factors of 984.
2, 3, 41
List the prime factors of 2356.
2, 19, 31
What are the prime factors of 67549?
31, 2179
What are the prime factors of 7456?
2, 233
What are the prime factors of 5234?
2, 2617
What are the prime factors of 55376?
2, 3461
What are the prime factors of 53046?
2, 3, 7, 421
List the prime factors of 1894.
2, 947
What are the prime factors of 31488?
2, 3, 41
List the prime factors of 2064.
2, 3, 43
What are the prime factors of 1882?
2, 941
What are the prime factors of 1765?
5, 353
What are the prime factors of 2212?
2, 7, 79
What are the prime factors of 1535?
5, 307
What are the prime factors of 1